u = u + 2*m + 8. Calculate g(u).
9
Let p = -3001 + 3003. Let h(r) = 3*r**3 - 6*r**2 + 10*r - 4. Give h(p).
16
Let x(j) = 2*j + 53 + 2*j**2 + 49 - 209 + 55 + 56. Calculate x(-2).
8
Let v be -9 - (-4450)/20 - 1/(-2). Let d(l) = -9 - 436*l + v*l + l**2 + 217*l. Give d(7).
5
Suppose 8 = -2*o + 4*o. Let p(i) = 3*i + 8. Let f(x) = -x - 6. Let r(y) = -2*f(y) - p(y). What is r(o)?
0
Let q(h) be the third derivative of h**6/120 - h**5/15 - h**4/4 + 2*h**2 + 80*h + 13. Suppose -6 = o + 7. Let d = o - -18. Give q(d).
-5
Let f = -36468 + 36478. Let z(a) = 2*a**2 - 20*a + 3. Calculate z(f).
3
Let q(o) = 4*o**2 - 33*o + 16. Let l(g) = -8*g**2 + 67*g - 32. Let m(k) = 4*l(k) + 9*q(k). Let z be m(7). Let w(d) = 8*d - 12 + d + z - 2*d. Determine w(2).
11
Let b(w) = -74 - 487*w**3 + 966*w**3 + 30*w - 478*w**3 - 14*w**2. Determine b(12).
-2
Let i(c) = 7*c - 6. Let j(t) = -8*t + 5. Let l(x) = 7*i(x) + 6*j(x). Let v = -221246 + 221253. What is l(v)?
-5
Let p(i) = i**3 + 6*i**2 - 12*i - 1. Let c(d) = 5*d**2 - 15*d + 3. Let w be c(3). Suppose 0 = 4*j - 8, -2*j - 15 - 5 = w*q. Determine p(q).
-33
Let r = -69 + 72. Suppose -7 = -2*p - 8*i + 5*i, r*i - 9 = -3*p. Let x(o) = -1 - 5*o + 2*o - 5*o + 4. What is x(p)?
-13
Suppose 1 = 2*j + 7, -i - 5*j + 380 = 0. Let p(v) = -5*v + 0 - 800*v**3 + i*v**3 + 404*v**3 + 4*v**2 - 2. Give p(4).
-22
Let q(w) be the second derivative of -w**5/20 + w**4/2 - w**3 + 5*w**2/2 + 23*w - 1. Calculate q(4).
13
Let l(x) = 6*x**2 + 2*x - 1. Let j(v) = 5*v**2 + v - 2. Let c(i) = 4*j(i) - 3*l(i). Suppose -3*y + 72 = -0*y. Suppose y = 7*o - o. What is c(o)?
19
Let t(j) be the first derivative of j**3/3 + 4*j**2 + 7*j - 6398. What is t(-6)?
-5
Let f be (0 + -2)*(-3 - 2). Suppose 9*j - 25 = 4*j. Suppose -4*t + j = -5*m + 1, m = -t + f. Let g(n) = -n**3 + 7*n**2 - 7*n + 6. Determine g(t).
0
Let k(w) be the third derivative of w**7/5040 - w**6/90 + w**5/2 + 4*w**2 + 3*w. Let o(f) be the third derivative of k(f). Give o(8).
0
Let k(q) = -q**2 - 6*q + 3. Let v be (26/91)/((-1)/(-7)). Suppose -8*r = -v*r + 30. Let n be r - 0/(15/(-5)). What is k(n)?
8
Let w(q) be the first derivative of q**3/3 - 27*q**2 - 169*q - 14609. Give w(57).
2
Let w(g) = 27*g**2 - 18349 + 18357 + 21*g - 28*g**2. Calculate w(21).
8
Let f be ((-15)/(-10))/(6/8). Suppose -2*d + 0*q + 25 = -5*q, 66 = 3*d + f*q. Let v be (-10)/3 - d/30. Let x(b) = b**3 + 3*b**2 - 5*b. Give x(v).
4
Let w(f) = 3*f**2 + 142*f**3 - 6*f**2 + 8 - 26*f - 2*f**2 + 22*f - 141*f**3. What is w(-3)?
-52
Let k(b) = 99 - 17*b - 386 + 92 + 96 + 93. What is k(-4)?
62
Let o(t) = 23*t - 80. Let z be o(-3). Let j = z + 149. Let k(r) = -r**2 - 13. What is k(j)?
-13
Let s(h) be the second derivative of -h**5/20 - 5*h**4/6 - 7*h**3/6 - 5*h**2/2 - 175*h + 1. Determine s(-7).
-103
Let a(h) = h**2 - 15*h + 46. Let r be 6/(-6) + 2/((-7)/(5 - 26)). What is a(r)?
-4
Suppose -3*k + 22 = -8. Let n(b) = -b + 12. Let q be n(k). Let r(u) = -5*u**2 + 3*u - u**2 + q*u**3 + 1 - u**3 - 6. What is r(5)?
-15
Let d = 133 + -1. Let n = d - 129. Suppose -z + 4*o = 4 + n, -3*o + 29 = 4*z. Let w(m) = -m**2 + 4*m + 7. Calculate w(z).
2
Let q be -1*(-216)/(-15) + 30/(-50). Let v(x) = -11*x - 149. Determine v(q).
16
Let q(u) be the second derivative of 19*u**2 - 7*u + 1/120*u**6 + 0 + 1/4*u**4 + 2/3*u**3 - 3/20*u**5. Let f(z) be the first derivative of q(z). Give f(8).
-12
Let k(w) be the third derivative of w**8/6720 + w**6/720 + w**5/60 + w**4/8 - w**3/2 - 56*w**2. Let f(l) be the second derivative of k(l). Calculate f(2).
12
Let g(z) be the first derivative of -z**4/4 - 2*z**3/3 + 7*z**2/2 - z + 1065. Determine g(-3).
-13
Let s be 0/(-3 + (4 - 0)). Let v(f) = 5*f**3 - f + 6. Let c(r) = 9*r**3 - 2*r + 13. Let h(g) = -6*c(g) + 11*v(g). What is h(s)?
-12
Let f(h) = -8*h**2 - 2*h**3 + 0*h**3 + 247 + 3*h**3 - 254 + 5*h. Calculate f(6).
-49
Let x be (40/(-6))/((-2)/6). Suppose -3*u = 3*w + 21, -11 = 4*u - 2*w + 53. Let g = u + x. Let r(v) = -v + 1. What is r(g)?
-6
Let m(w) = -17*w**3 + w**2. Let k(g) be the first derivative of g**4/2 - 5*g**3/3 - g**2/2 - 5*g - 53. Let q be k(3). Determine m(q).
-16
Let b(x) = -x + 2. Let a = -553 - -611. Suppose -5*r - 2*j + 17 = 0, 59*r + j - 1 = a*r. What is b(r)?
-3
Let y(j) be the second derivative of -j**5/60 - j**4/24 - 5*j**3/3 - 111*j**2/2 - 111*j. Let u(t) be the first derivative of y(t). Determine u(0).
-10
Let m(b) be the first derivative of 1 - b**2 - 1/3*b**3 - 4*b. Suppose -3*w - 5*h + 5 = 0, -17*w = -22*w - 28*h + 87. Calculate m(w).
-19
Let q(d) = d**3 + 28*d**2 - 69*d - 260. Let b be q(-30). Let g(p) = -16*p + 165. What is g(b)?
5
Let l(x) = -26 + 10 + 21 + 40 - 38*x + 16*x + x**2. Give l(23).
68
Let m(x) be the second derivative of 7*x**4/6 + 7*x**3/6 + 3*x**2 + 4*x + 401. What is m(-1)?
13
Suppose -3*x = -5*s + 8, -2*s - s + 4*x - 4 = 0. Let i(r) = 6*r - 4. Let b be i(2). Let j(a) = 5*a + 5*a + 4 - b*a - 3*a. Calculate j(s).
0
Let c be 66/108 + 2/9 - (-38)/228. Let j(n) = 9*n**3 + n**2 - 2*n - 1. Give j(c).
7
Let t be 1 + 14/(0 - -2). Let j(b) be the first derivative of b**2/2 + 8*b - 8151. Calculate j(t).
16
Let x(b) = -9*b + 81. Suppose -22*z + 3041 = 2931. Determine x(z).
36
Let c(n) = 1 + 0*n + 8*n - 61473*n**2 + 61472*n**2. Suppose -4*j = 3 - 19. Suppose -j*r = -5*r + 7. Give c(r).
8
Let t(z) = z**3 - 6*z**2 - z - 1. Let l = 5225 + -5221. What is t(l)?
-37
Let a(n) = -10*n - 34. Let f(j) = 5*j + 18. Suppose 0 = u + 19 - 8. Let t(w) = u*f(w) - 6*a(w). Calculate t(-4).
-14
Suppose 3*h + 32 = -4*o, -33 + 8 = 5*h + o. Let w(t) = 4*t + 9. Let r be w(h). Let l = r + 6. Let b(k) = 3*k**3 - k**2 - 2*k - 1. Determine b(l).
-3
Let n(h) = -h - 10. Let i(a) = a + 6. Let y(l) = -4*i(l) - 3*n(l). Let b be (-46)/8 - 18/(-24). Determine y(b).
11
Suppose -5*a = -2*s - 3*a, -a - 6 = -4*s. Let o(t) = -3*t - 5*t**2 - 5*t + s*t - 7 + 0*t + t**3. Calculate o(6).
-7
Let i(c) = -c**3 - 28*c**2 - 21*c + 177. Let w be i(-27). Let p(u) = -u**3 + 16*u**2 - 15*u + 8. Determine p(w).
8
Let w be 2 - (588/28 - (-2 + 2 - -2)). Let c(j) = -j**3 - 18*j**2 - 16*j - 4. Determine c(w).
-21
Let j(x) be the second derivative of -x**4/12 + 8*x**3/3 + x**2/2 - 7316*x. Calculate j(8).
65
Let z(x) = -2*x**2 + 15*x - 8. Let s(u) = 8*u**2 - 65*u + 35. Let c(r) = -4*s(r) - 17*z(r). Give c(-3).
-1
Let d(o) be the first derivative of -o**4/4 - o**3 + 2*o**2 + 2*o + 1. Let r be d(-4). Let q(c) = c + 1 + c**3 - 15*c**2 + 28*c**2 - 13*c**r. Determine q(-2).
-9
Let t(k) be the second derivative of 1/20*k**5 - 7/2*k**2 + 0 - 162*k + 5/6*k**3 + 1/2*k**4. What is t(-5)?
-7
Let t(b) be the third derivative of -b**7/2520 - b**6/360 - b**5/15 + b**2. Let o(k) be the third derivative of t(k). Let n = -10145 - -10147. What is o(n)?
-6
Let p = -477 - -480. Let n(k) = -k**p + 59 - 2*k**2 - 4*k - 62 + 6*k**2 - k. Calculate n(4).
-23
Let m = 39 + -38. Let a be (m + -1 - -2)/((-4)/(-6)). Suppose 2*s + 9 - a = 0. Let u(p) = -p**2 - 2*p + 2. What is u(s)?
-1
Let t(w) = 13*w**2 - w - 3. Let a(f) = -2*f - 1. Let p(i) = -a(i) + t(i). Give p(1).
12
Let q(g) = -6*g - 6 + 2*g**2 + 59*g**3 - 14 - 13*g**3 + g**2 - 45*g**3. Give q(-2).
-4
Let o(l) = 3*l**2 - 10*l + 10. Let d(u) = 5*u**2 - 20*u + 20. Suppose 3*y = 4*w - 0*y - 28, 4*w - 28 = 5*y. Let v(h) = w*o(h) - 4*d(h). Calculate v(-9).
-19
Suppose -4*i - 3 - 21 = 0. Let o(x) = -95*x**3 - 17*x + 94*x**3 - 15*x - 2 - 2 - 7*x**2 + 27*x. Give o(i).
-10
Let q be -6*-2*2/(-12). Let g be 2 - 5 - (-3)/(-1). Let h(y) = -y**2 + 6*y - 8. Let w(x) = x**2 - 5*x + 7. Let t(n) = g*w(n) - 5*h(n). Give t(q).
-6
Let k(f) be the third derivative of -f**6/120 - 2*f**5/15 - f**4/8 - 4*f**3/3 + 182*f**2. Give k(-8).
16
Let p(v) = -2*v - 1. Let a(q) = -13*q - 66. Let s be a(-6). Suppose -3 + 39 = -s*i. Give p(i).
5
Let o(g) = g**2 + 6*g - 5. Suppose 9*d - 19 = 4*d + 2*c, -2*c - 10 = -2*d. Let i = 0 + 0. Suppose i = -4*r + d*r - 6. Calculate o(r).
-5
Suppose -132*x + 55*x - 308 = 0. Let y(s) = -2*s**3 - 7*s**2 - 9*s + 3. Determine y(x).
55
Let p(s) be the first derivative of s**5/120 + 7*s**4/24 + 5*s**3 + 3*s**2/2 - 239. Let c(m) be the third derivative of p(m). Determine c(-3).
4
Suppose 2*b - 7*t - 48 = -12*t, t - 288 = 17*b. Let a(y) = 3*y + 13. Let i(c) = -16*c - 64. Let g(f) = -11*a(f) - 2*i(f). What is g(b)?
1
Let o(m) = 15*m -